ighest common divisor of 5555090 and 176710?
410
Calculate the greatest common divisor of 5439 and 1028706.
147
What is the highest common divisor of 59980655 and 5?
5
What is the greatest common divisor of 5392 and 55472?
16
Calculate the highest common factor of 40727 and 381694.
139
Calculate the greatest common divisor of 179091 and 4489.
67
Calculate the highest common divisor of 556450 and 35650.
1550
What is the greatest common divisor of 18075 and 27716475?
75
Calculate the highest common factor of 578 and 20099610.
34
Calculate the greatest common factor of 7288478 and 43146.
1598
What is the greatest common factor of 44900999 and 220?
11
What is the highest common divisor of 197718 and 14198?
62
Calculate the greatest common divisor of 85089 and 395576.
251
Calculate the greatest common factor of 942982 and 14282.
74
What is the greatest common divisor of 455 and 67854059?
91
What is the greatest common factor of 533 and 895583?
13
What is the highest common factor of 1682611758 and 27?
27
Calculate the greatest common factor of 29974688 and 2848.
32
Calculate the greatest common divisor of 13508 and 89848.
44
Calculate the greatest common divisor of 86815 and 84130.
895
What is the highest common factor of 494 and 30337034?
494
Calculate the greatest common divisor of 143112 and 93666.
402
What is the greatest common divisor of 211 and 34363249?
211
Calculate the highest common divisor of 52 and 2929323046.
26
Calculate the greatest common factor of 885 and 24525415.
295
Calculate the greatest common factor of 2044679 and 2275.
91
Calculate the highest common factor of 75222 and 3326778.
378
Calculate the greatest common divisor of 937586 and 676.
26
Calculate the greatest common factor of 7200 and 24848.
16
Calculate the greatest common factor of 5676 and 549686544.
5676
What is the greatest common divisor of 2070769575 and 123?
123
What is the highest common divisor of 4448 and 171552?
32
What is the highest common divisor of 7839761 and 665?
19
Calculate the highest common factor of 9870 and 449160670.
3290
What is the highest common divisor of 1687123 and 1963?
151
Calculate the highest common factor of 5 and 12050173.
1
Calculate the greatest common divisor of 1832 and 84926482.
458
Calculate the greatest common factor of 178187776 and 38.
38
What is the greatest common factor of 19 and 464869941?
19
Calculate the greatest common divisor of 151145 and 6363613.
817
What is the highest common divisor of 11412 and 553148199?
2853
What is the greatest common factor of 26451268 and 76?
76
What is the greatest common factor of 90 and 28056405?
15
What is the highest common divisor of 191990 and 471215?
365
Calculate the highest common factor of 86255043 and 441.
147
Calculate the highest common divisor of 2887200 and 7650.
450
What is the highest common divisor of 9603 and 763983?
99
Calculate the highest common divisor of 32550 and 89565.
105
What is the highest common factor of 7775550 and 30?
30
Calculate the highest common divisor of 4865 and 208957.
7
Calculate the highest common factor of 29766 and 4194828.
726
What is the greatest common factor of 3365 and 123657020?
3365
Calculate the highest common factor of 339142 and 1184.
74
Calculate the greatest common factor of 44015 and 50.
5
What is the highest common factor of 726 and 23985060?
66
What is the highest common factor of 1174999 and 2100?
7
Calculate the greatest common divisor of 651 and 44354149.
217
What is the highest common divisor of 10138 and 10947670?
274
Calculate the greatest common divisor of 113244522 and 342.
114
Calculate the greatest common factor of 6808 and 630332.
148
Calculate the highest common factor of 636 and 118389386.
106
Calculate the greatest common divisor of 2276 and 1070441492.
2276
Calculate the greatest common factor of 4 and 28386.
2
What is the highest common divisor of 210893 and 4216?
31
Calculate the highest common divisor of 241503479 and 119.
119
Calculate the highest common factor of 32913790 and 42.
14
Calculate the highest common divisor of 2499 and 12467868.
357
What is the greatest common divisor of 18302418 and 12?
6
Calculate the greatest common divisor of 171564 and 646476.
204
What is the greatest common divisor of 67925 and 57730075?
6175
Calculate the greatest common factor of 4222884877 and 2803.
2803
Calculate the highest common divisor of 35 and 828803185.
35
What is the greatest common divisor of 385152 and 36924?
204
What is the highest common factor of 32866542 and 16150?
646
Calculate the greatest common factor of 487378 and 27974.
394
Calculate the highest common factor of 12 and 292470846.
6
What is the greatest common factor of 391 and 5045096?
23
What is the greatest common divisor of 98668604 and 846?
94
What is the greatest common factor of 382 and 32543153?
191
What is the highest common divisor of 560106 and 5162?
58
Calculate the greatest common factor of 124 and 301722566.
62
What is the highest common factor of 9792 and 14256?
144
What is the greatest common factor of 150 and 87168090?
30
Calculate the greatest common divisor of 68298580 and 465.
155
What is the greatest common factor of 432 and 22433868?
108
Calculate the greatest common factor of 216 and 421326288.
72
Calculate the highest common divisor of 12808650 and 47175.
1275
What is the greatest common factor of 132080 and 48217455?
8255
What is the greatest common factor of 48365 and 13374345?
2845
Calculate the highest common divisor of 299862 and 670062.
3702
Calculate the greatest common factor of 323 and 26806025.
17
Calculate the highest common divisor of 77690 and 1045160.
170
What is the greatest common factor of 395769 and 18795?
537
What is the highest common factor of 1133510735 and 1855?
1855
What is the greatest common divisor of 26304 and 4203456?
192
Calculate the highest common divisor of 399962963 and 53.
53
What is the greatest common divisor of 2365624 and 16?
8
Calculate the greatest common divisor of 196 and 532607754.
98
Calculate the highest common factor of 823539 and 1338.
669
Calculate the highest common divisor of 29690 and 30810.
10
Calculate the greatest common factor of 234780 and 1179490.
5590
Calculate the highest common factor of 4701403 and 35.
7
Calculate the highest common factor of 555 and 47625845.
185
What is the highest common factor of 2222292 and 156?
12
Calculate the greatest common factor of 558589508 and 4604.
4604
Calculate the highest common divisor of 3102 and 107094482.
1034
Calculate the highest common factor of 20392153 and 20632.
2579
Calculate the greatest common divisor of 86 and 79977592.
86
What is the highest common divisor of 3564 and 6677?
11
What is the highest common factor of 4970 and 419090?
70
Calculate the greatest common divisor of 22 and 410049904.
22
Calculate the highest common factor of 32697 and 922509.
189
Calculate the highest common factor of 6085 and 109220.
5
Calculate the greatest common divisor of 107983 and 31872.
83
Calculate the greatest common divisor of 90069 and 14028.
21
What is the greatest common factor of 5705654 and 2773?
59
What is the highest common divisor of 550398 and 3156?
6
What is the greatest common factor of 5013 and 153828?
9
Calculate the highest common factor of 32558 and 96214.
146
What is the greatest common divisor of 8182 and 20608?
2
What is the greatest common factor of 267360 and 35340?
60
What is the highest common divisor of 44008 and 254392?
8
What is the greatest common factor of 35 and 32120165?
35
What is the highest common factor of 196433 and 99641?
37
Calculate the highest common divisor of 6 and 32775780.
6
Calculate the highest common divisor of 1419397 and 3844.
961
What is the greatest common divisor of 120015975 and 3545?
3545
Calculate the highest common divisor of 309499 and 1674749.
127
Calculate the greatest common divisor of 21424 and 33904.
208
Calculate the highest common factor of 6187791 and 9.
3
What is the highest common factor of 168166122 and 214?
214
Calculate the greatest common factor of 2685 and 4154232.
537
What is the highest common factor of 42 and 817062?
6
What is the greatest common factor of 16697079 and 17766?
2961
Calculate the greatest common divisor of 2512 and 923788.
628
What is the greate